{"id":95,"date":"2026-05-13T09:07:02","date_gmt":"2026-05-13T09:07:02","guid":{"rendered":"https:\/\/prodajsve.com\/?post_type=product&#038;p=95"},"modified":"2026-05-13T09:07:38","modified_gmt":"2026-05-13T09:07:38","slug":"akumulatorska-masina-za-vezivanje-armature","status":"publish","type":"product","link":"https:\/\/prodajsve.com\/?product=akumulatorska-masina-za-vezivanje-armature","title":{"rendered":"Akumulatorska Ma\u0161ina za Vezivanje Armature"},"content":{"rendered":"<p>&nbsp;<\/p>\n<p><strong>Tehni\u010dke karakteristike:<\/strong><\/p>\n<p>Kapacitet baterije: 12 V Li-ION &#8211; 4 500 mAh<\/p>\n<p>Raspon vezivanja: 8-34 mm<\/p>\n<p>Promjer \u017eice: 0.8 mm<\/p>\n<p>Te\u017eina ure\u0111aja: 2.5 kg<\/p>\n<p><strong>Prednosti<\/strong>:<\/p>\n<p><strong>Brzo uzastopno vezivanje<\/strong>\u00a0za pove\u0107anu produktivnost<\/p>\n<p><strong>Lagan dizajn<\/strong>\u00a0za manje umora pri radu<\/p>\n<p><strong>Sna\u017ena baterija\u00a0<\/strong>za dugotrajan rad<\/p>\n<p><strong>PVC kofer\u00a0<\/strong>za lako no\u0161enje i \u010duvanje ure\u0111aja<\/p>\n","protected":false},"excerpt":{"rendered":"<p>Ova revolucionarna akumulatorska ma\u0161ina za vezivanje armature iz Straus Austria asortimana dizajnirana je da pojednostavni i ubrza proces vezivanja u gra\u0111evinarstvu.<\/p>\n<p>Sna\u017ena i lagana, omogu\u0107uje brzo i sigurno vezivanje armaturnih \u0161ipki, \u0161tede\u0107i vrijeme i trud na gradili\u0161tu.<\/p>\n","protected":false},"featured_media":145,"comment_status":"open","ping_status":"closed","template":"","meta":[],"product_brand":[],"product_cat":[16],"product_tag":[79],"class_list":{"0":"post-95","1":"product","2":"type-product","3":"status-publish","4":"has-post-thumbnail","6":"product_cat-alat","7":"product_tag-akumulatorska-masina-za-vezivanje-armature","9":"first","10":"instock","11":"sale","12":"shipping-taxable","13":"purchasable","14":"product-type-simple"},"_links":{"self":[{"href":"https:\/\/prodajsve.com\/index.php?rest_route=\/wp\/v2\/product\/95","targetHints":{"allow":["GET"]}}],"collection":[{"href":"https:\/\/prodajsve.com\/index.php?rest_route=\/wp\/v2\/product"}],"about":[{"href":"https:\/\/prodajsve.com\/index.php?rest_route=\/wp\/v2\/types\/product"}],"replies":[{"embeddable":true,"href":"https:\/\/prodajsve.com\/index.php?rest_route=%2Fwp%2Fv2%2Fcomments&post=95"}],"wp:featuredmedia":[{"embeddable":true,"href":"https:\/\/prodajsve.com\/index.php?rest_route=\/wp\/v2\/media\/145"}],"wp:attachment":[{"href":"https:\/\/prodajsve.com\/index.php?rest_route=%2Fwp%2Fv2%2Fmedia&parent=95"}],"wp:term":[{"taxonomy":"product_brand","embeddable":true,"href":"https:\/\/prodajsve.com\/index.php?rest_route=%2Fwp%2Fv2%2Fproduct_brand&post=95"},{"taxonomy":"product_cat","embeddable":true,"href":"https:\/\/prodajsve.com\/index.php?rest_route=%2Fwp%2Fv2%2Fproduct_cat&post=95"},{"taxonomy":"product_tag","embeddable":true,"href":"https:\/\/prodajsve.com\/index.php?rest_route=%2Fwp%2Fv2%2Fproduct_tag&post=95"}],"curies":[{"name":"wp","href":"https:\/\/api.w.org\/{rel}","templated":true}]}}