{"id":94,"date":"2026-05-13T09:07:02","date_gmt":"2026-05-13T09:07:02","guid":{"rendered":"https:\/\/prodajsve.com\/?post_type=product&#038;p=94"},"modified":"2026-05-13T09:07:37","modified_gmt":"2026-05-13T09:07:37","slug":"demon-profi-motorna-pila-4-2-ks","status":"publish","type":"product","link":"https:\/\/prodajsve.com\/?product=demon-profi-motorna-pila-4-2-ks","title":{"rendered":"Demon Profi Motorna Pila 4.2 KS"},"content":{"rendered":"<p>savr\u0161ena za sve vrste drvnih poslova.<\/p>\n<p>Opremljena sna\u017enim motorom zapremine 52 ccm, ova pila je dizajnirana da pru\u017ei vrhunske performanse i dugotrajnost.<\/p>\n<p><strong>Tehni\u010dke Karakteristike:<\/strong><\/p>\n<p>Snaga motora: 4.2 HP<\/p>\n<p>Zapremina motora: 52 ccm<\/p>\n<p>Korak lanca: 0.325<\/p>\n<p>Vrsta goriva: Bezolovni benzin min 85 oktana<\/p>\n<p>Mje\u0161avina: 1:25<\/p>\n<p>Zapremina rezervoara za gorivo: 0.55 l<\/p>\n<p>Zapremina rezervoara za ulje: 0.26 l<\/p>\n<p>Sistem protiv vibracija: Da<\/p>\n<p>Te\u017eina: 5.5 kg<\/p>\n<p>Broj zubaca: 32<\/p>\n<p>Du\u017eina ma\u010da: 40 cm<\/p>\n<p>&nbsp;<\/p>\n","protected":false},"excerpt":{"rendered":"<p><strong>Najve\u0107e Koristi i Benefiti:<\/strong><\/p>\n<p><strong>Visoke performanse<\/strong>: Sna\u017ean motor od 4.2 HP omogu\u0107ava brzo i efikasno rezanje kroz razli\u010dite vrste drva.<\/p>\n<p><strong>Jednostavna upotreba<\/strong>: Lako se pokre\u0107e i koristi, idealna za profesionalce i hobiste.<\/p>\n<p><strong>Trajnost<\/strong>: Izra\u0111ena od visokokvalitetnih materijala koji osiguravaju dug vijek trajanja.<\/p>\n<p><strong>Sigurnost<\/strong>: Opremljena sigurnosnim zna\u010dajkama kao \u0161to su za\u0161tita od povratnog udarca i ko\u010dnica lanca.<\/p>\n<p><strong>Ergonomski dizajn<\/strong>: Udobne ru\u010dke omogu\u0107avaju dugotrajni rad bez zamora.<\/p>\n<p><strong>Sistem protiv vibracija<\/strong>: Pru\u017ea dodatnu udobnost prilikom rada.<\/p>\n<p><strong>Ostale Karakteristike:<\/strong><\/p>\n<p><strong>Kapacitet spremnika goriva<\/strong>: 0.55 l omogu\u0107ava duge radne sesije bez \u010destih zaustavljanja.<\/p>\n<p><strong>Kapacitet spremnika za ulje<\/strong>: 0.26 l za optimalno podmazivanje lanca.<\/p>\n<p><strong>Laka za odr\u017eavanje<\/strong>: Jednostavna zamjena lanca i drugih dijelova.<\/p>\n","protected":false},"featured_media":144,"comment_status":"open","ping_status":"closed","template":"","meta":[],"product_brand":[],"product_cat":[16],"product_tag":[30,31,26],"class_list":{"0":"post-94","1":"product","2":"type-product","3":"status-publish","4":"has-post-thumbnail","6":"product_cat-alat","7":"product_tag-aku-pila","8":"product_tag-motorka","9":"product_tag-motorna-pila","11":"first","12":"instock","13":"sale","14":"shipping-taxable","15":"purchasable","16":"product-type-simple"},"_links":{"self":[{"href":"https:\/\/prodajsve.com\/index.php?rest_route=\/wp\/v2\/product\/94","targetHints":{"allow":["GET"]}}],"collection":[{"href":"https:\/\/prodajsve.com\/index.php?rest_route=\/wp\/v2\/product"}],"about":[{"href":"https:\/\/prodajsve.com\/index.php?rest_route=\/wp\/v2\/types\/product"}],"replies":[{"embeddable":true,"href":"https:\/\/prodajsve.com\/index.php?rest_route=%2Fwp%2Fv2%2Fcomments&post=94"}],"wp:featuredmedia":[{"embeddable":true,"href":"https:\/\/prodajsve.com\/index.php?rest_route=\/wp\/v2\/media\/144"}],"wp:attachment":[{"href":"https:\/\/prodajsve.com\/index.php?rest_route=%2Fwp%2Fv2%2Fmedia&parent=94"}],"wp:term":[{"taxonomy":"product_brand","embeddable":true,"href":"https:\/\/prodajsve.com\/index.php?rest_route=%2Fwp%2Fv2%2Fproduct_brand&post=94"},{"taxonomy":"product_cat","embeddable":true,"href":"https:\/\/prodajsve.com\/index.php?rest_route=%2Fwp%2Fv2%2Fproduct_cat&post=94"},{"taxonomy":"product_tag","embeddable":true,"href":"https:\/\/prodajsve.com\/index.php?rest_route=%2Fwp%2Fv2%2Fproduct_tag&post=94"}],"curies":[{"name":"wp","href":"https:\/\/api.w.org\/{rel}","templated":true}]}}