{"id":64,"date":"2026-05-13T09:06:35","date_gmt":"2026-05-13T09:06:35","guid":{"rendered":"https:\/\/prodajsve.com\/?post_type=product&#038;p=64"},"modified":"2026-05-13T09:07:17","modified_gmt":"2026-05-13T09:07:17","slug":"aparat-za-varenje-mt-400a-professional-inverter-welding","status":"publish","type":"product","link":"https:\/\/prodajsve.com\/?product=aparat-za-varenje-mt-400a-professional-inverter-welding","title":{"rendered":"Aparat za varenje MT 400A \/ Professional Inverter Welding"},"content":{"rendered":"<p><strong>\u2714 U setu dolazi:<\/strong><\/p>\n<p><strong>\u2714 Aparat za varanje MT 400A<\/strong><\/p>\n<p><strong>\u2714 Klije\u0161ta Elektrode sa Kablom<\/strong><\/p>\n<p><strong>\u2714 \u0160tipaljka Mase sa kablom<\/strong><\/p>\n<p><strong>\u2714 \u010celi\u010dna \u010detka<\/strong><\/p>\n<p><strong>\u2714 Za\u0161titna maska za Lice i O\u010di<\/strong><\/p>\n<p><strong>\u2714 Upustvo za rukovanje<\/strong><\/p>\n","protected":false},"excerpt":{"rendered":"<p><strong>\u2714 Napajanje: 230 V ~ 50\/60 Hz<\/strong><\/p>\n<p><strong>\u2714 Podesiva struja zavarivanja: 20 \u2013 400 A<\/strong><\/p>\n<p><strong>\u2714 Stupanj 1 radnog ciklusa: 60% \u2013 400 A<\/strong><\/p>\n<p><strong>\u2714 Performanse: 100% \u2013 400 A<\/strong><\/p>\n<p><strong>\u2714 Promjer elektrode: 1,6 \u2013 5,0 mm, bazi\u010dna, kisela i gusana<\/strong><\/p>\n<p><strong>\u2714 Luk: Stupanj za\u0161tite kontakta: IP21S<\/strong><\/p>\n<p><strong>\u2714 Du\u017eina zavariva\u010dkog kabla: 1,5 m<\/strong><\/p>\n<p><strong>\u2714 Hla\u0111enje ventilator<\/strong><\/p>\n<p><strong>\u2714 Dimenzije: 330 x 140 x 230 mm<\/strong><\/p>\n<p><strong>\u2714 Te\u017eina: 3,7 kg (lahko prenosiv)<\/strong><\/p>\n<p><strong>\u2714 Funkcija protiv lijepljenja spre\u010dava uklju\u010divanje elektroda za zavarivanje materijala<\/strong><\/p>\n<p><strong>\u2714 Arc Force sistem<\/strong><\/p>\n","protected":false},"featured_media":110,"comment_status":"open","ping_status":"closed","template":"","meta":[],"product_brand":[],"product_cat":[16],"product_tag":[24,53,57,55,56],"class_list":{"0":"post-64","1":"product","2":"type-product","3":"status-publish","4":"has-post-thumbnail","6":"product_cat-alat","7":"product_tag-alat","8":"product_tag-aparat-za-varenje","9":"product_tag-co2-aparat","10":"product_tag-varenje","11":"product_tag-varenje-zicom","13":"first","14":"instock","15":"sale","16":"shipping-taxable","17":"purchasable","18":"product-type-simple"},"_links":{"self":[{"href":"https:\/\/prodajsve.com\/index.php?rest_route=\/wp\/v2\/product\/64","targetHints":{"allow":["GET"]}}],"collection":[{"href":"https:\/\/prodajsve.com\/index.php?rest_route=\/wp\/v2\/product"}],"about":[{"href":"https:\/\/prodajsve.com\/index.php?rest_route=\/wp\/v2\/types\/product"}],"replies":[{"embeddable":true,"href":"https:\/\/prodajsve.com\/index.php?rest_route=%2Fwp%2Fv2%2Fcomments&post=64"}],"wp:featuredmedia":[{"embeddable":true,"href":"https:\/\/prodajsve.com\/index.php?rest_route=\/wp\/v2\/media\/110"}],"wp:attachment":[{"href":"https:\/\/prodajsve.com\/index.php?rest_route=%2Fwp%2Fv2%2Fmedia&parent=64"}],"wp:term":[{"taxonomy":"product_brand","embeddable":true,"href":"https:\/\/prodajsve.com\/index.php?rest_route=%2Fwp%2Fv2%2Fproduct_brand&post=64"},{"taxonomy":"product_cat","embeddable":true,"href":"https:\/\/prodajsve.com\/index.php?rest_route=%2Fwp%2Fv2%2Fproduct_cat&post=64"},{"taxonomy":"product_tag","embeddable":true,"href":"https:\/\/prodajsve.com\/index.php?rest_route=%2Fwp%2Fv2%2Fproduct_tag&post=64"}],"curies":[{"name":"wp","href":"https:\/\/api.w.org\/{rel}","templated":true}]}}