{"id":63,"date":"2026-05-13T09:06:35","date_gmt":"2026-05-13T09:06:35","guid":{"rendered":"https:\/\/prodajsve.com\/?post_type=product&#038;p=63"},"modified":"2026-05-13T09:07:15","modified_gmt":"2026-05-13T09:07:15","slug":"aparat-za-varenje-dewalt-mig-mma-500a-kombinovani-co2-elektroda","status":"publish","type":"product","link":"https:\/\/prodajsve.com\/?product=aparat-za-varenje-dewalt-mig-mma-500a-kombinovani-co2-elektroda","title":{"rendered":"Aparat za varenje DeWalt MIG\/MMA 500A \/ Kombinovani \/ CO2 \/ Elektroda"},"content":{"rendered":"<p><strong>Model: MIG 500<\/strong><br \/>\n<strong>Ulazni napon: 1 FAZA, AC220V\u00b115%<\/strong><br \/>\n<strong>Frekvencija: 50\/60Hz<\/strong><br \/>\n<strong>Nazivna izlazna struja: 400A (za MIG\/MAG),<\/strong><br \/>\n<strong>400A (za MMA), 400A (za TIG)<\/strong><br \/>\n<strong>Nazivni izlazni napon: 20,0 V (za MIG\/MAG),<\/strong><br \/>\n<strong>24,8 V (za MMA), 14,8 V (za TIG)<\/strong><br \/>\n<strong>Pre\u010dnik \u017eice: 0,8 mm, 1,0 mm<\/strong><br \/>\n<strong>Veli\u010dina ma\u0161ine: 318x129x220mm\/12.5\u00d75.08\u00d78.66 in+<\/strong><br \/>\n<strong>Te\u017eina: 5.5Kg<\/strong><\/p>\n","protected":false},"excerpt":{"rendered":"<p><strong>\u2013 Pogodno za zavarivanje mekog \u010delika bez gasa<\/strong><br \/>\n<strong>\u2013 Podesiva pode\u0161avanja snage i brzina uvla\u010denja \u017eice<\/strong><br \/>\n<strong>\u2013 Rad bez plina, idealan za zavarivanje na otvorenom u vjetrovitim uvjetima<\/strong><br \/>\n<strong>\u2013 Automatska za\u0161tita od pregrijavanja i prekomjerne struje<\/strong><br \/>\n<strong>\u2013 Turbo ventilatorski sistem hla\u0111enja<\/strong><br \/>\n<strong>\u2013 Lagan i prenosiv sa ru\u010dkom za no\u0161enje<\/strong><br \/>\n<strong>\u2013 Kvalitetna izrada za izdr\u017eljivost i dugotrajnu upotrebu<\/strong><br \/>\n<strong>\u2013 U setu dolazi 500 gr zice gratis i 2x dizna rezerve<\/strong><\/p>\n","protected":false},"featured_media":109,"comment_status":"open","ping_status":"closed","template":"","meta":[],"product_brand":[],"product_cat":[15],"product_tag":[24,53,57,55,56],"class_list":{"0":"post-63","1":"product","2":"type-product","3":"status-publish","4":"has-post-thumbnail","6":"product_cat-nekategorisano","7":"product_tag-alat","8":"product_tag-aparat-za-varenje","9":"product_tag-co2-aparat","10":"product_tag-varenje","11":"product_tag-varenje-zicom","13":"first","14":"instock","15":"sale","16":"shipping-taxable","17":"purchasable","18":"product-type-simple"},"_links":{"self":[{"href":"https:\/\/prodajsve.com\/index.php?rest_route=\/wp\/v2\/product\/63","targetHints":{"allow":["GET"]}}],"collection":[{"href":"https:\/\/prodajsve.com\/index.php?rest_route=\/wp\/v2\/product"}],"about":[{"href":"https:\/\/prodajsve.com\/index.php?rest_route=\/wp\/v2\/types\/product"}],"replies":[{"embeddable":true,"href":"https:\/\/prodajsve.com\/index.php?rest_route=%2Fwp%2Fv2%2Fcomments&post=63"}],"wp:featuredmedia":[{"embeddable":true,"href":"https:\/\/prodajsve.com\/index.php?rest_route=\/wp\/v2\/media\/109"}],"wp:attachment":[{"href":"https:\/\/prodajsve.com\/index.php?rest_route=%2Fwp%2Fv2%2Fmedia&parent=63"}],"wp:term":[{"taxonomy":"product_brand","embeddable":true,"href":"https:\/\/prodajsve.com\/index.php?rest_route=%2Fwp%2Fv2%2Fproduct_brand&post=63"},{"taxonomy":"product_cat","embeddable":true,"href":"https:\/\/prodajsve.com\/index.php?rest_route=%2Fwp%2Fv2%2Fproduct_cat&post=63"},{"taxonomy":"product_tag","embeddable":true,"href":"https:\/\/prodajsve.com\/index.php?rest_route=%2Fwp%2Fv2%2Fproduct_tag&post=63"}],"curies":[{"name":"wp","href":"https:\/\/api.w.org\/{rel}","templated":true}]}}