{"id":36,"date":"2026-05-13T09:06:12","date_gmt":"2026-05-13T09:06:12","guid":{"rendered":"https:\/\/prodajsve.com\/?post_type=product&#038;p=36"},"modified":"2026-05-13T09:07:07","modified_gmt":"2026-05-13T09:07:07","slug":"harden-800w-udarna-busilica","status":"publish","type":"product","link":"https:\/\/prodajsve.com\/?product=harden-800w-udarna-busilica","title":{"rendered":"Harden 800W udarna bu\u0161ilica"},"content":{"rendered":"","protected":false},"excerpt":{"rendered":"<p>Isprobajte nepobjedivu Harden udarnu bu\u0161ilicu snage 800W koja nudi sve \u0161to vam treba za te\u0161ke radove razbijanja i bu\u0161enja.<\/p>\n<p>S tri re\u017eima rada \u2013 \u010deki\u0107, bu\u0161enje, i \u010deki\u0107 + bu\u0161enje \u2013 ova bu\u0161ilica prilago\u0111ava se svakom va\u0161em izazovu.<\/p>\n<p><strong>Karakteristike koje \u0107e vas oboriti s nogu:<\/strong><\/p>\n<p><strong>Tri re\u017eima rada za vrhunsku svestranost<\/strong>: \u010ceki\u0107 \u2013 za ru\u0161enje i te\u0161ke radove.<\/p>\n<p><strong>\u010ceki\u0107 + bu\u0161enje<\/strong>\u00a0\u2013 kombinacija snage i preciznosti.<\/p>\n<p><strong>Bu\u0161enje<\/strong>\u00a0\u2013 idealno za sve vrste materijala.<\/p>\n<p><strong>Paket uklju\u010duje:<\/strong><\/p>\n<p>Harden udarnu bu\u0161ilicu 800W.<\/p>\n<p>Komplet s 5 nastavaka:<\/p>\n<p>2x udarna dlijeta (majzlo).<\/p>\n<p>3x bu\u0161a\u0107i nastavci za beton \u2013 sve \u0161to trebate za brze i precizne rezultate!<\/p>\n<p><strong>Ergonomski dizajn i dugovje\u010dnost:<\/strong><\/p>\n<p>Harden bu\u0161ilica nije samo sna\u017ena, ve\u0107 je i dizajnirana za maksimalnu udobnost. Njena ergonomska ru\u010dka omogu\u0107ava vam siguran hvat i minimalni zamor, \u010dak i tijekom najzahtjevnijih projekata.<\/p>\n<p>Sa sna\u017enih 800W, ova alatka lako probija i najtvr\u0111e materijale. Zaboravite na dosadne i spore alate \u2013 Harden bu\u0161ilica ubrzava va\u0161 rad!<\/p>\n<p><strong>Neka va\u0161i projekti govore za sebe!<\/strong><\/p>\n<p>Bilo da ste profesionalac ili entuzijast, Harden udarna bu\u0161ilica pru\u017ea performanse koje su daleko ispred konkurencije.<\/p>\n<p>Vrhunska snaga, \u010dvrsti nastavci i svestranost \u010dine je nezamjenjivim partnerom u svakom radnom zadatku.<\/p>\n<p><strong>HARDEN: Va\u0161a prva linija obrane protiv tvrdih materijala!<\/strong><\/p>\n<p><strong>Kupujte sada i u\u017eivajte u mo\u0107i profesionalnog alata za samo djeli\u0107 cijene!<\/strong><\/p>\n","protected":false},"featured_media":100,"comment_status":"open","ping_status":"closed","template":"","meta":[],"product_brand":[],"product_cat":[16],"product_tag":[33,18,28],"class_list":{"0":"post-36","1":"product","2":"type-product","3":"status-publish","4":"has-post-thumbnail","6":"product_cat-alat","7":"product_tag-bosch","8":"product_tag-busilica","9":"product_tag-busilica-hilti","11":"first","12":"instock","13":"sale","14":"shipping-taxable","15":"purchasable","16":"product-type-simple"},"_links":{"self":[{"href":"https:\/\/prodajsve.com\/index.php?rest_route=\/wp\/v2\/product\/36","targetHints":{"allow":["GET"]}}],"collection":[{"href":"https:\/\/prodajsve.com\/index.php?rest_route=\/wp\/v2\/product"}],"about":[{"href":"https:\/\/prodajsve.com\/index.php?rest_route=\/wp\/v2\/types\/product"}],"replies":[{"embeddable":true,"href":"https:\/\/prodajsve.com\/index.php?rest_route=%2Fwp%2Fv2%2Fcomments&post=36"}],"wp:featuredmedia":[{"embeddable":true,"href":"https:\/\/prodajsve.com\/index.php?rest_route=\/wp\/v2\/media\/100"}],"wp:attachment":[{"href":"https:\/\/prodajsve.com\/index.php?rest_route=%2Fwp%2Fv2%2Fmedia&parent=36"}],"wp:term":[{"taxonomy":"product_brand","embeddable":true,"href":"https:\/\/prodajsve.com\/index.php?rest_route=%2Fwp%2Fv2%2Fproduct_brand&post=36"},{"taxonomy":"product_cat","embeddable":true,"href":"https:\/\/prodajsve.com\/index.php?rest_route=%2Fwp%2Fv2%2Fproduct_cat&post=36"},{"taxonomy":"product_tag","embeddable":true,"href":"https:\/\/prodajsve.com\/index.php?rest_route=%2Fwp%2Fv2%2Fproduct_tag&post=36"}],"curies":[{"name":"wp","href":"https:\/\/api.w.org\/{rel}","templated":true}]}}