{"id":26,"date":"2026-05-13T09:06:09","date_gmt":"2026-05-13T09:06:09","guid":{"rendered":"https:\/\/prodajsve.com\/?post_type=product&#038;p=26"},"modified":"2026-05-13T09:06:41","modified_gmt":"2026-05-13T09:06:41","slug":"komplet-alata-straus-austria","status":"publish","type":"product","link":"https:\/\/prodajsve.com\/?product=komplet-alata-straus-austria","title":{"rendered":"Komplet Alata Straus Austria"},"content":{"rendered":"<p><strong>Komplet Elektri\u010dnog Alata Straus Austria &#8211; Va\u0161 Pouzdani Partner u Svijetu Alata<\/strong><\/p>\n<p><strong>Opis Proizvoda:<\/strong><\/p>\n<p>Otkrijte izvanrednu pouzdanost i efikasnost s kompletnim setom elektri\u010dnog alata Straus Austria. Savr\u0161en za profesionalce i majstore amatere, ovaj set nudi neophodne alate za svaku vrstu popravke ili projekta.<\/p>\n<p><strong>Klju\u010dne Karakteristike:<\/strong><\/p>\n<p><strong>Maksimalni obrtni moment<\/strong>: 18-35 N.m za sna\u017eno i precizno zavrtanje.<\/p>\n<p><strong>Broj obrtaja<\/strong>: 0-1800\/min, prilago\u0111ava se svakom zadatku.<\/p>\n<p><strong>Maximalna veli\u010dina stezne glave<\/strong>: 10 mm, za razli\u010dite veli\u010dine bitova i svrdla.<\/p>\n<p><strong>Baterija<\/strong>: 28 V MAX XR LI-ION 5.0 AH, 2 komada za dugotrajni rad.<\/p>\n<p><strong>Led svjetlo<\/strong>: pobolj\u0161ava vidljivost na radnom mjestu.<\/p>\n<p><strong>Sadr\u017eaj Paketa:<\/strong><\/p>\n<p>&#8211; Elektri\u010dna bu\u0161ilica 28 V<\/p>\n<p>&#8211; Dvije baterije 28 V<\/p>\n<p>&#8211; Brzi punja\u010d<\/p>\n<p>&#8211; Metar<\/p>\n<p>&#8211; Set bitova i svrdla za metal i drvo<\/p>\n<p>&#8211; I jo\u0161 mnogo toga&#8230;<\/p>\n","protected":false},"excerpt":{"rendered":"<p>Komplet Elektri\u010dnog Alata Straus Austria &#8211; Va\u0161 Pouzdani Partner u Svijetu Alata Opis Proizvoda: Otkrijte izvanrednu pouzdanost i efikasnost s kompletnim setom elektri\u010dnog alata Straus Austria. Savr\u0161en za profesionalce i majstore amatere, ovaj set nudi neophodne alate za svaku vrstu popravke ili projekta. Klju\u010dne Karakteristike: Maksimalni obrtni moment: 18-35 N.m za sna\u017eno i precizno zavrtanje. Broj obrtaja: 0-1800\/min, prilago\u0111ava se svakom zadatku. Maximalna veli\u010dina stezne glave: 10 mm, za razli\u010dite veli\u010dine bitova i svrdla. Baterija: 28 V MAX XR LI-ION 5.0 AH, 2 komada za dugotrajni rad. Led svjetlo: pobolj\u0161ava&hellip;<\/p>\n","protected":false},"featured_media":75,"comment_status":"open","ping_status":"closed","template":"","meta":[],"product_brand":[],"product_cat":[16],"product_tag":[23,24,32],"class_list":{"0":"post-26","1":"product","2":"type-product","3":"status-publish","4":"has-post-thumbnail","6":"product_cat-alat","7":"product_tag-aku-busilica","8":"product_tag-alat","9":"product_tag-set-alata","11":"first","12":"instock","13":"sale","14":"shipping-taxable","15":"purchasable","16":"product-type-simple"},"_links":{"self":[{"href":"https:\/\/prodajsve.com\/index.php?rest_route=\/wp\/v2\/product\/26","targetHints":{"allow":["GET"]}}],"collection":[{"href":"https:\/\/prodajsve.com\/index.php?rest_route=\/wp\/v2\/product"}],"about":[{"href":"https:\/\/prodajsve.com\/index.php?rest_route=\/wp\/v2\/types\/product"}],"replies":[{"embeddable":true,"href":"https:\/\/prodajsve.com\/index.php?rest_route=%2Fwp%2Fv2%2Fcomments&post=26"}],"wp:featuredmedia":[{"embeddable":true,"href":"https:\/\/prodajsve.com\/index.php?rest_route=\/wp\/v2\/media\/75"}],"wp:attachment":[{"href":"https:\/\/prodajsve.com\/index.php?rest_route=%2Fwp%2Fv2%2Fmedia&parent=26"}],"wp:term":[{"taxonomy":"product_brand","embeddable":true,"href":"https:\/\/prodajsve.com\/index.php?rest_route=%2Fwp%2Fv2%2Fproduct_brand&post=26"},{"taxonomy":"product_cat","embeddable":true,"href":"https:\/\/prodajsve.com\/index.php?rest_route=%2Fwp%2Fv2%2Fproduct_cat&post=26"},{"taxonomy":"product_tag","embeddable":true,"href":"https:\/\/prodajsve.com\/index.php?rest_route=%2Fwp%2Fv2%2Fproduct_tag&post=26"}],"curies":[{"name":"wp","href":"https:\/\/api.w.org\/{rel}","templated":true}]}}